 53366426.
2, 26683213
List the prime factors of 42973875.
3, 5, 7, 17, 107
List the prime factors of 172288783.
1321, 130423
List the prime factors of 392545461.
3, 7, 11, 1699331
List the prime factors of 477203919.
3, 159067973
What are the prime factors of 111113689?
111113689
List the prime factors of 947740469.
13, 61, 101, 11833
List the prime factors of 104580666.
2, 3, 1936679
What are the prime factors of 601904791?
601904791
What are the prime factors of 291074494?
2, 59, 193, 12781
What are the prime factors of 2415512646?
2, 3, 83, 1616809
What are the prime factors of 3605074282?
2, 1802537141
List the prime factors of 1311723542.
2, 655861771
What are the prime factors of 3073245009?
3, 283, 1031, 3511
What are the prime factors of 435079215?
3, 5, 17, 101, 1877
What are the prime factors of 122722484?
2, 61, 502961
What are the prime factors of 2908711758?
2, 3, 199, 2436107
What are the prime factors of 96801095?
5, 263, 73613
What are the prime factors of 118612366?
2, 17, 3488599
What are the prime factors of 2568400988?
2, 53, 487, 24877
List the prime factors of 130054875.
3, 5, 47, 157
List the prime factors of 1971605522.
2, 61, 191, 211, 401
What are the prime factors of 81736693?
6173, 13241
What are the prime factors of 18515428?
2, 73, 63409
What are the prime factors of 1507831183?
1507831183
What are the prime factors of 2546722245?
3, 5, 61, 113, 24631
What are the prime factors of 478819093?
17, 179, 157351
List the prime factors of 86236679.
86236679
List the prime factors of 242699773.
53, 241, 19001
What are the prime factors of 1856287260?
2, 3, 5, 67, 51307
List the prime factors of 880506567.
3, 97834063
What are the prime factors of 1315389319?
239, 5503721
List the prime factors of 710423932.
2, 79, 107, 21011
What are the prime factors of 2341582964?
2, 7, 5783, 14461
List the prime factors of 811195916.
2, 202798979
What are the prime factors of 358308640?
2, 5, 139, 16111
What are the prime factors of 302441817?
3, 157, 283, 2269
List the prime factors of 894201114.
2, 3, 149033519
List the prime factors of 198779110.
2, 5, 23, 43, 101, 199
List the prime factors of 146913062.
2, 677, 108503
What are the prime factors of 13529028?
2, 3, 457, 2467
List the prime factors of 50227541.
7, 13, 551951
What are the prime factors of 954639580?
2, 5, 3547, 13457
List the prime factors of 20566671.
3, 31, 281, 787
What are the prime factors of 8750531321?
7, 1250075903
What are the prime factors of 3617368750?
2, 5, 578779
List the prime factors of 22031984.
2, 13, 73, 1451
List the prime factors of 1344474963.
3, 13, 3830413
What are the prime factors of 3018566394?
2, 3, 167698133
List the prime factors of 41238300.
2, 3, 5, 101, 1361
List the prime factors of 928918373.
928918373
What are the prime factors of 61329620?
2, 5, 11, 113, 2467
List the prime factors of 631203060.
2, 3, 5, 10520051
List the prime factors of 430572378.
2, 3, 71762063
List the prime factors of 174519064.
2, 991, 22013
List the prime factors of 235003119.
3, 13, 379, 1223
List the prime factors of 355242179.
173, 2053423
What are the prime factors of 1768310?
2, 5, 97, 1823
List the prime factors of 4725764280.
2, 3, 5, 13127123
List the prime factors of 1348828844.
2, 11, 97, 316033
List the prime factors of 128274064.
2, 127, 63127
What are the prime factors of 45909145?
5, 2251, 4079
What are the prime factors of 590076958?
2, 19, 73, 281, 757
What are the prime factors of 881842356?
2, 3, 23, 355009
What are the prime factors of 3181298575?
5, 7, 13, 199, 7027
List the prime factors of 13429123.
1213, 11071
List the prime factors of 13432757.
13, 1033289
What are the prime factors of 493894774?
2, 41, 6023107
What are the prime factors of 11961094?
2, 41, 199, 733
List the prime factors of 1586991940.
2, 5, 29, 2736193
What are the prime factors of 324789296?
2, 13, 181, 8627
List the prime factors of 202226353.
7, 28889479
What are the prime factors of 206595552?
2, 3, 2152037
What are the prime factors of 2959773221?
2959773221
What are the prime factors of 440168820?
2, 3, 5, 7, 13, 19, 4243
What are the prime factors of 427326551?
439, 973409
List the prime factors of 148410391.
17, 83, 107, 983
List the prime factors of 604249011.
3, 22379593
List the prime factors of 2666075007.
3, 167, 5321507
What are the prime factors of 6456118310?
2, 5, 281, 739, 3109
List the prime factors of 578655252.
2, 3, 7, 23, 11093
List the prime factors of 106899997.
31, 41, 151, 557
List the prime factors of 2595348499.
2731, 950329
List the prime factors of 92593146.
2, 3, 883, 17477
List the prime factors of 28635276.
2, 3, 17, 23, 359
What are the prime factors of 1681942090?
2, 5, 17, 9893777
What are the prime factors of 7055711?
13, 542747
List the prime factors of 8973639.
3, 163, 2039
What are the prime factors of 1189159836?
2, 3, 131, 756463
What are the prime factors of 4280257389?
3, 31, 4943, 9311
What are the prime factors of 36242663?
29, 1249747
What are the prime factors of 100470876?
2, 3, 11, 31, 43, 571
List the prime factors of 830584020.
2, 3, 5, 7, 1977581
List the prime factors of 4169864926.
2, 2084932463
List the prime factors of 21137089.
53, 398813
List the prime factors of 1567273486.
2, 17, 149, 309371
List the prime factors of 1008987272.
2, 10009, 12601
What are the prime factors of 288837257?
61, 4735037
What are the prime factors of 73357463?
73357463
What are the prime factors of 4872739387?
53, 91938479
List the prime factors of 3287380.
2, 5, 19, 41, 211
List the prime factors of 2250520021.
2250520021
What are the prime factors of 3132940846?
2, 7, 17, 61, 215797
List the prime factors of 2810854.
2, 29, 48463
What are the prime factors of 5920095039?
3, 1973365013
What are the prime factors of 1000672530?
2, 3, 5, 11, 13, 17, 13721
What are the prime factors of 50380444?
2, 12595111
What are the prime factors of 11145200?
2, 5, 11, 17, 149
What are the prime factors of 964018802?
2, 53, 9094517
What are the prime factors of 349891288?
2, 43736411
What are the prime factors of 1306319546?
2, 7, 23, 4056893
List the prime factors of 139452670.
2, 5, 7, 1992181
What are the prime factors of 319526971?
19, 23, 731183
What are the prime factors of 61756782?
2, 3, 293, 35129
What are the prime factors of 3029527335?
3, 5, 1777, 113657
List the prime factors of 9460878.
2, 3, 7, 89, 2531
What are the prime factors of 13178173?
113, 139, 839
What are the prime factors of 366451866?
2, 3, 11, 1850767
List the prime factors of 12713689.
31, 410119
What are the prime factors of 261835437?
3, 87278479
List the prime factors of 228771997.
43, 5320279
What are the prime factors of 3431229494?
2, 7, 11, 19, 613, 1913
List the prime factors of 17355283.
11, 17, 92809
What are the prime factors of 3890478849?
3, 17, 37, 1291, 1597
List the prime factors of 871279925.
5, 191, 182467
What are the prime factors of 161105842?
2, 89, 599, 1511
List the prime factors of 798714903.
3, 7, 2011, 18913
What are the prime factors of 2940258059?
163, 929, 19417
What are the prime factors of 60983958?
2, 3, 7, 19, 76421
What are the prime factors of 928217085?
3, 5, 17, 1231, 2957
List the prime factors of 7127377657.
67, 106378771
List the prime factors of 119915392.
2, 229, 4091
List the prime factors of 42607887.
3, 7, 2028947
List the prime factors of 441692435.
5, 2579, 34253
List the prime factors of 3457571396.
2, 10739, 80491
List the prime factors of 5137960017.
3, 6779, 252641
What are the prime factors of 1697304121?
1103, 1538807
What are the prime factors of 1214367153?
3, 47, 97, 88789
What are the prime factors of 118470358?
2, 19, 397, 7853
List the prime factors of 202979881.
13, 17, 431, 2131
List the prime factors of 95493338.
2, 401, 119069
List the prime factors of 2815454163.
3, 1069, 877909
List the prime factors of 255226596.
2, 3, 31, 101, 6793
List the prime factors of 344916993.
3, 23, 217339
List the prime factors of 30456146.
2, 7, 17, 101, 181
What are the prime factors of 1339306604?
2, 181, 967, 1913
List the prime factors of 7881749381.
11, 397, 769, 2347
List the prime factors of 110022440.
2, 5, 11, 250051
List the prime factors of 3643571036.
2, 7, 17, 23, 47, 73, 97
What are the prime factors 